?
8
Let v = 21 - 16. Let c(x) = x**3 - 4*x**2 + 3*x + 1. Calculate the remainder when c(v) is divided by 11.
8
Calculate the remainder when 0/(-13) - (-1 + -40) is divided by 15.
11
Let b = 237 - 144. What is the remainder when b is divided by 24?
21
Suppose 3*z = -5*m + 21, 2*m + m + 9 = 0. Suppose 5*i + 5*g - 5 = 0, z = -0*i + 2*i - 3*g. What is the remainder when 10 is divided by i?
1
Let x(t) = -t**3 - 19*t**2 - 17*t + 24. What is the remainder when 10 is divided by x(-18)?
4
What is the remainder when 0*(-3)/(-6) + 33 is divided by 17?
16
Let d = 3 + 1. Let l = 2 + d. Calculate the remainder when 23 is divided by l.
5
Suppose 0 = -2*q - 3*j + 22, 4*q + 3*j = -3 + 47. Calculate the remainder when 208 is divided by q.
10
Let r(j) = 3*j**2 + 4*j + 3. Let b be 6/(-3 + 1) + 1. What is the remainder when 19 is divided by r(b)?
5
Suppose 0*s + 5 = 5*s. Suppose -4*q - s - 3 = -3*i, -4*q = 4*i - 24. Calculate the remainder when 9 is divided by i.
1
Let v be 1/(-3) - (-4)/3. Let d be -3*(-2 + v/1). Suppose 2*h - 9 = -l + 18, 0 = -l + d. What is the remainder when 22 is divided by h?
10
Let s = 49 + 26. What is the remainder when s is divided by 13?
10
Let u(f) = -f**2 - 11*f - 11. Let s = -3 + -5. Suppose 0 = j - 16 - 21. Calculate the remainder when j is divided by u(s).
11
Let r be (-35)/14 + 1/2. Let c(q) = 18*q**2 + 2*q + 3. What is the remainder when c(r) is divided by 18?
17
Let m(n) = n**3 + 5*n**2 - 7*n - 6. What is the remainder when m(-5) is divided by 16?
13
Let g(w) = -w**3 + 3*w**2 + 7*w - 6. Let q(h) = 3*h - 20. Let c be q(8). Calculate the remainder when g(c) is divided by 4.
2
Suppose 44 = -5*u + 124. Let n be (10/(-6))/((-3)/9). Suppose -n*j = 108 - 263. What is the remainder when j is divided by u?
15
Let r(f) = 2*f + 5. What is the remainder when 15 is divided by r(2)?
6
Let u(x) = x**3 + 22*x**2 - 2*x + 18. What is the remainder when u(-22) is divided by 8?
6
Let l = -1 - -13. Let p = -2 + l. Suppose -v + 37 = -0*v. Calculate the remainder when v is divided by p.
7
Let p be 4/(-9)*9/(-2). Suppose -h = -p*h + 16. Calculate the remainder when 63 is divided by h.
15
Suppose 0 = -3*x + 9 + 6. Calculate the remainder when 42 is divided by x.
2
Suppose 4*m - 2*q - 290 = 0, -4 = -q - 3. Calculate the remainder when m is divided by 25.
23
Let p(n) = n + 6. Let s be p(-5). Suppose 5*v + s + 4 = o, 4*v = -2*o + 52. Calculate the remainder when o is divided by 7.
6
Suppose 6 + 14 = 2*n. Let r = 37 + -19. What is the remainder when r is divided by n?
8
Let l(n) = -4*n - 5. Suppose -25 + 0 = 5*m. Let h be l(m). Suppose -5*t + 80 = 3*g - g, -3*g + h = 0. Calculate the remainder when 27 is divided by t.
13
Suppose -13 + 1 = -4*v. What is the remainder when (-11)/(v/(-5 + -1)) is divided by 12?
10
Let o(h) = -h**2 - 5*h - 2. Let t be o(-5). Let y be 19/t + (-3)/6. Let u = y - -15. What is the remainder when 9 is divided by u?
4
Suppose 5*j + 1 = -2*w, j = -4*w - 15 + 4. Calculate the remainder when 1 - (-9 + 4 - w) is divided by 3.
0
Let i(p) = -p + 1. Let g be i(0). Let y be 3 - (3 + -1)/g. Calculate the remainder when (-31)/(y*3/(-3)) is divided by 11.
9
Suppose -2*q + 6 - 2 = 0. Suppose q*u = -u + 114. Calculate the remainder when u is divided by 13.
12
Let o(s) = 5*s**2 + 4*s. Calculate the remainder when o(3) is divided by 15.
12
Suppose -6*l + 27 = -l - 2*k, -16 = -4*l - 4*k. Suppose 2*q = 4*f + 24, l*f = f - 12. What is the remainder when 16 is divided by q?
4
Let v = 61 + -30. What is the remainder when 90 is divided by v?
28
Let w be (-2)/(-3) - (-10)/3. Calculate the remainder when 46 is divided by w*5/((-10)/(-8)).
14
Let r(h) = -h**3 + 4*h**2 - h - 4. Let m be r(3). Suppose 2*s - 3*y - m = 2, y - 7 = -s. Let n(u) = 8*u. Calculate the remainder when n(1) is divided by s.
3
Suppose -2*d = 2*d. Suppose d*j = -j. Suppose -z = -j*z - 42. Calculate the remainder when z is divided by 22.
20
Let p = 28 - 12. Suppose p = 4*t - 2*t. Let s = 38 + -16. What is the remainder when s is divided by t?
6
Suppose 229 = 5*d + 9. Calculate the remainder when 131 is divided by d.
43
Let j(f) = -2*f**2 + 6*f - 7. Let s be j(7). Let q = 89 + s. Calculate the remainder when q is divided by 14.
12
Let k be 5 - 1 - 0/1. Let n = 4 - k. What is the remainder when 17 is divided by 6 - n/(9/(-3))?
5
Let o(v) = -v - 4. Suppose 4*s = 2*s. Let t be o(s). Calculate the remainder when t/14 + 298/14 is divided by 8.
5
Suppose -3*m = -r - 10, -3*m + 3 = -2*r - 11. Suppose -m*d + 4 = o + 1, -4*d + 3 = o. Suppose d = w + 2*w - 45. Calculate the remainder when 43 is divided by w.
13
Let m(t) = 14*t - 19. What is the remainder when m(6) is divided by 17?
14
Let l(o) = -o + 12. Calculate the remainder when 67 is divided by l(-6).
13
Suppose 80 + 64 = 6*t. Calculate the remainder when 236 is divided by t.
20
Suppose 16 = 2*y - 4*j, -3*y - 3*j = -2*y - 33. Calculate the remainder when y is divided by 6.
0
Calculate the remainder when 1/2 + 180/8 is divided by 5.
3
Let a be ((-1)/(-2))/(4/176). Suppose a = 6*r - 4*r. Let h(x) = 2*x**3 - 2*x**2 - 2*x + 2. Calculate the remainder when r is divided by h(2).
5
Let t = 31 - 24. What is the remainder when (-225)/(-18) - (-1)/2 is divided by t?
6
What is the remainder when 8 + -8 - (1 - 5) is divided by 4?
0
Let v(a) = -5*a - a**2 + 17*a + 2*a**2 + a**2. What is the remainder when v(-8) is divided by 17?
15
Let t(y) = 2*y - 1. Calculate the remainder when t(9) is divided by 10.
7
Let m = 22 - 13. What is the remainder when 25 is divided by m?
7
Let u = -1 + 5. Calculate the remainder when 6 is divided by u.
2
Let k(z) = 10*z**2 + z. Suppose -u = 2*m - 40, 5*u - 3*m - 2*m - 125 = 0. What is the remainder when u is divided by k(1)?
8
Calculate the remainder when 182 is divided by -2*(1 - (-78)/(-4)).
34
Let m be 1/1 + (-6)/(-6). Let k(z) = -z + 1. Let y be k(m). Calculate the remainder when (10*(0 - y))/1 is divided by 6.
4
Suppose 2*r + 3*h - 61 = r, 0 = -4*r + h + 218. Calculate the remainder when r is divided by 29.
26
Let x be (0 + 1 - -1) + -6. Let t = 0 + x. What is the remainder when 5 is divided by 2/(-2) + (0 - t)?
2
What is the remainder when 107 is divided by 1/(2/(-32)*40/(-90))?
35
Let j = 129 - 88. What is the remainder when j is divided by 11?
8
Suppose -3*a = -2*x + x + 7, -1 = -x + a. Calculate the remainder when 78 is divided by (-2)/((-19)/(-10) + x).
18
Let o(y) = -y**3 - 7*y**2 - 7*y - 6. Let i be o(-6). Suppose i = -4*a - 8 - 4. Calculate the remainder when a - (-132)/3*1 is divided by 14.
13
Let d(q) = 2*q**2 - 4*q**2 - 1 - q + q**3 + 3. Let m be d(4). Calculate the remainder when 6 is divided by m/8 - 3/(-12).
2
Suppose 3*n - 5*r - 214 = 0, 0 = -n + 5*r - 15 + 103. Calculate the remainder when n is divided by 11.
8
Suppose -6*r + 28 + 14 = 0. Calculate the remainder when 40 is divided by r.
5
Calculate the remainder when (-107)/(-3) - 2/3 is divided by 19.
16
Let p = -18 - -34. What is the remainder when 6/(-3)*1 + 48 is divided by p?
14
Let g = 63 - 34. Let y = -18 + g. Calculate the remainder when 20 is divided by (1 - (1 - 0)) + y.
9
Suppose -7*k + 6*k - 4*c = -16, 5*k + 2*c - 98 = 0. Let x = -95 - -173. Calculate the remainder when x is divided by k.
18
What is the remainder when 12 is divided by (0 - 2)/(10/(-25))?
2
Suppose 0 = -2*u + 6, -4*j + 3*u - u = 10. Calculate the remainder when (3 + j)*(-35)/(-2) is divided by 18.
17
Calculate the remainder when -2*(-1 + 5/(-2)) is divided by 200/52 - (-6)/39.
3
Suppose 0 = 18*t - 91 - 17. What is the remainder when (0 - 1)*1 + 11 is divided by t?
4
Let c = 20 + -12. Let f = c + 7. Suppose 0 = -3*a - 5 + 29. What is the remainder when f is divided by a?
7
Let f = 186 + 2. Suppose -5*d - 4*s + 98 = 324, f = -4*d - 5*s. Let h = d + 62. Calculate the remainder when h is divided by 7.
6
Let l be (-48)/(-14) + (-20)/(-35). Let n = l - -5. What is the remainder when 51 is divided by n?
6
Suppose 0 = -2*y + 9 + 11. Suppose 0 = 5*u - 2*o - 44 + y, 0 = -4*u - 3*o + 41. What is the remainder when 22 is divided by u?
6
Let v = 17 - 16. What is the remainder when v is divided by 1?
0
Suppose 19*k = 21*k - 152. Calculate the remainder when k is divided by 13.
11
Calculate the remainder when (1/(2/82))/1 is divided by 987/91 - 4/(-26).
8
Let m(c) = c**3 + 9*c**2 + 3*c - 2.